{"id":399,"date":"2011-09-11T18:35:56","date_gmt":"2011-09-11T18:35:56","guid":{"rendered":"http:\/\/www.amamo.de\/?page_id=399"},"modified":"2011-09-11T18:41:52","modified_gmt":"2011-09-11T18:41:52","slug":"genausowardas","status":"publish","type":"page","link":"http:\/\/www.amamo.de\/?page_id=399","title":{"rendered":"Genauso war das&#8230;"},"content":{"rendered":"<p>Wenn du nach 1978 geboren wurdest, hat das hier nichts mit dir zu tun&#8230; Verschwinde! Kinder von heute werden in Watte gepackt&#8230;&#8230;&#8230;.<\/p>\n<p>weiterlesen:<\/p>\n<p>Wenn du als Kind in den 50er, 60er oder 70 Jahren aufgewachsen bist, ist es zur\u00fcckblickend kaum zu glauben, da\u00df wir so lange \u00fcberleben konnten!<\/p>\n<p>Als Kinder sa\u00dfen wir in Autos ohne Sicherheitsgurte und ohne Airbags.<\/p>\n<p>Unsere Bettchen waren angemalt in stahlenden Farben voller Blei und Cadmium.<\/p>\n<p>Die Fl\u00e4schchen aus der Apotheke konnten wir ohne Schwierigkeiten \u00f6ffnen, genauso wie die Flasche mit Bleichmittel.<\/p>\n<p>T\u00fcren und Schr\u00e4nke waren eine st\u00e4ndige Bedrohung f\u00fcr unsere Fingerchen. Auf dem Fahrrad trugen wir nie einen Helm.<\/p>\n<p>Wir tranken Wasser aus Wasserh\u00e4hnen und nicht aus Flaschen.<\/p>\n<p>Wir bauten Wagen aus Seifenkisten und entdeckten w\u00e4hrend der ersten Fahrt den Hang hinunter, dass wir die Bremsen vergessen hatten. Damit kamen wir nach einigen Unf\u00e4llen klar.<\/p>\n<p>Wir verlie\u00dfen morgens das Haus zum Spielen. Wir blieben den ganzen Tag weg und mussten erst zu Hause sein, wenn die Stra\u00dfenlaternen angingen. Niemand wusste, wo wir waren und wir hatten nicht mal ein Handy dabei!<\/p>\n<p>Wir haben uns geschnitten, brachen Knochen und Z\u00e4hne und niemand wurde deswegen verklagt. Es waren eben Unf\u00e4lle. Niemand hatte Schuld au\u00dfer wir selbst. Keiner fragte nach &#8222;Aufsichtspflicht&#8220; .<\/p>\n<p>Kannst du dich noch an &#8222;Unf\u00e4lle&#8220; erinnern? Wir k\u00e4mpften und schlugen einander manchmal bunt und blau. Damit mussten wir leben, denn es interessierte den Erwachsenen nicht.<\/p>\n<p>Wir a\u00dfen Kekse, Brot mit dick Butter, tranken sehr viel und wurden trotzdem nicht zu dick.<\/p>\n<p>Wir tranken mit unseren Freunden aus einer Flasche und niemand starb an den Folgen.<\/p>\n<p>Wir hatten nicht: Playstation, Nintendo 64, X-Box, Videospiele, 64 Fernsehkan\u00e4le, Filme auf Video, Surround Sound, eigene Fernseher, Computer, Internet-Chat-Rooms.<\/p>\n<p>Wir hatten Freunde.<\/p>\n<p>Wir gingen einfach raus und trafen sie auf der Stra\u00dfe. Oder wir marschierten einfach zu deren Heim und klingelten. Manchmal brauchten wir gar nicht klingeln und gingen einfach hinein. Ohne Termin und ohne Wissen unserer gegenseitigen Eltern. Keiner brachte uns und keiner holte uns&#8230; Wie war das nur m\u00f6glich?<\/p>\n<p>Wir dachten uns Spiele aus mit Holzst\u00f6cken und Tennisb\u00e4llen. Au\u00dferdem a\u00dfen wir W\u00fcrmer. Und die Prophezeiungen trafen nicht ein: Die W\u00fcrmer lebten nicht in unseren M\u00e4gen f\u00fcr immer weiter und mit den St\u00f6cken stachen wir nicht besonders viele Augen aus.<\/p>\n<p>Beim Stra\u00dfenfu\u00dfball durfte nur mitmachen, wer gut war. Wer nicht gut war, musste lernen, mit Entt\u00e4uschungen klarzukommen.<\/p>\n<p>Manche Sch\u00fcler waren nicht so schlau wie andere. Sie rasselten durch Pr\u00fcfungen und wiederholten Klassen. Das f\u00fchrte nicht zu emotionalen Elternabenden oder gar zur \u00c4nderung der Leistungsbewertung.<\/p>\n<p>Unsere Taten hatten manchmal Konsequenzen. Das war klar und keiner konnte sich verstecken. Wenn einer von uns gegen das Gesetz versto\u00dfen hat,war klar, da\u00df die Eltern ihn nicht aus dem Schlamassel heraushauen. Im Gegenteil: Sie waren der gleichen Meinung wie die Polizei! So etwas!<\/p>\n<p>Unsere Generation hat eine F\u00fclle von innovativen Probleml\u00f6sern und Erfindern mit Risikobereitschaft hervorgebracht. Wir hatten Freiheit, Mi\u00dferfolg, Erfolg und Verantwortung. Mit alldem wussten wir umzugehen.<\/p>\n<p>Und du geh\u00f6rst auch dazu.<br \/>\nHerzlichen Gl\u00fcckwunsch!<\/p>\n<p><em>von einem unbekannten Internet-Autoren &#8211; vielen Dank!<\/em><\/p>\n","protected":false},"excerpt":{"rendered":"<p>Wenn du nach 1978 geboren wurdest, hat das hier nichts mit dir zu tun&#8230; Verschwinde! Kinder von heute werden in Watte gepackt&#8230;&#8230;&#8230;. weiterlesen: Wenn du als Kind in den 50er, 60er oder 70 Jahren aufgewachsen bist, ist es zur\u00fcckblickend kaum zu glauben, da\u00df wir so lange \u00fcberleben konnten! Als Kinder sa\u00dfen wir in Autos ohne <a href='http:\/\/www.amamo.de\/?page_id=399' class='excerpt-more'>[&#8230;]<\/a><\/p>\n","protected":false},"author":1,"featured_media":0,"parent":9,"menu_order":620,"comment_status":"closed","ping_status":"closed","template":"","meta":{"footnotes":""},"class_list":["post-399","page","type-page","status-publish","hentry","post-seq-1","post-parity-odd","meta-position-corners","fix"],"_links":{"self":[{"href":"http:\/\/www.amamo.de\/index.php?rest_route=\/wp\/v2\/pages\/399","targetHints":{"allow":["GET"]}}],"collection":[{"href":"http:\/\/www.amamo.de\/index.php?rest_route=\/wp\/v2\/pages"}],"about":[{"href":"http:\/\/www.amamo.de\/index.php?rest_route=\/wp\/v2\/types\/page"}],"author":[{"embeddable":true,"href":"http:\/\/www.amamo.de\/index.php?rest_route=\/wp\/v2\/users\/1"}],"replies":[{"embeddable":true,"href":"http:\/\/www.amamo.de\/index.php?rest_route=%2Fwp%2Fv2%2Fcomments&post=399"}],"version-history":[{"count":8,"href":"http:\/\/www.amamo.de\/index.php?rest_route=\/wp\/v2\/pages\/399\/revisions"}],"predecessor-version":[{"id":406,"href":"http:\/\/www.amamo.de\/index.php?rest_route=\/wp\/v2\/pages\/399\/revisions\/406"}],"up":[{"embeddable":true,"href":"http:\/\/www.amamo.de\/index.php?rest_route=\/wp\/v2\/pages\/9"}],"wp:attachment":[{"href":"http:\/\/www.amamo.de\/index.php?rest_route=%2Fwp%2Fv2%2Fmedia&parent=399"}],"curies":[{"name":"wp","href":"https:\/\/api.w.org\/{rel}","templated":true}]}}