{"id":29,"date":"2011-05-15T21:37:45","date_gmt":"2011-05-15T21:37:45","guid":{"rendered":"http:\/\/test.amamo.de\/?page_id=29"},"modified":"2014-02-09T22:59:46","modified_gmt":"2014-02-09T22:59:46","slug":"dlrgrs","status":"publish","type":"page","link":"http:\/\/www.amamo.de\/?page_id=29","title":{"rendered":"Rettungssport Auswertung"},"content":{"rendered":"<p><img decoding=\"async\" alt=\"[RS]\" src=\"http:\/\/www.amamo.de\/dlrgrs\/rsport.png\" align=\"left\" \/> <strong>Rettungssport &#8211; Meisterschaften und Wettk\u00e4mpfe der DLRG<\/strong><br \/>\nDie DEUTSCHE LEBENS-RETTUNGS-GESELLSCHAFT(DLRG) veranstaltet &#8222;zur F\u00f6rderung und Sicherung der Leistungsf\u00e4higkeit sowie Einsatzbereitschaft der Rettungsschwimmer &#8230; Meisterschaften und Wettk\u00e4mpfe im Rettungsschwimmen&#8220; (Auszug aus dem Regelwerk).<\/p>\n<p><strong>Rettungssportprogramme<\/strong><br \/>\nDas Programm RSM (<strong>R<\/strong>ettungs<strong>S<\/strong>port <strong>M<\/strong>eisterschaftsauswertung) hilft bei der PC-gest\u00fctzten Auswertung dieser Wettk\u00e4mpfe. Es lehnt sich an das g\u00fcltige Regelwerk f\u00fcr Meisterschaften und Wettk\u00e4mpfe im Rettungsschwimmen (g\u00fcltig seit 2011) an und ber\u00fccksichtigt die saarl\u00e4ndische Unterteilung der Altersklassen. Das Programm RSPunkte dient zur schnellen Berechnung der Punktzahl f\u00fcr die erreichte Zeit in einer Disziplin. Beide Programme sind Freeware, d.h. sie d\u00fcrfen ohne weitere Kosten frei benutzt und kopiert werden. Alle Rechte liegen beim Autor.<\/p>\n<p><strong>Downloads und Links<\/strong><\/p>\n<table border=\"0\" cellspacing=\"0\" cellpadding=\"1\">\n<tbody>\n<tr>\n<td class=\"download\" colspan=\"3\" height=\"20\">RSPunkte &#8211; Programm zur schnellen Punkteberechnung im Rettungssport<\/td>\n<\/tr>\n<tr>\n<td colspan=\"3\"><img loading=\"lazy\" decoding=\"async\" alt=\"[neu!]\" src=\"http:\/\/www.amamo.de\/gfx\/neu.gif\" width=\"31\" height=\"12\" \/>neue Version 2014 RC 2 vom 09.02.2014 (mit rec-Werten f\u00fcr 2014, Stand 13.01.2014)<\/td>\n<\/tr>\n<tr>\n<td colspan=\"2\" width=\"60%\">RSPunkte 2014 (f\u00fcr Windows XP,Vista,Win7,Win8)<\/td>\n<td><a href=\"http:\/\/www.amamo.de\/dlrgrs\/RSPunkte-2014RC2-Install.exe\">Installationsprogramm (ca. 2,0MB)<\/a><\/td>\n<\/tr>\n<tr>\n<td colspan=\"2\" width=\"60%\">RSPunkte 2014 (f\u00fcr Windows XP,Vista,Win7,Win8)<\/td>\n<td><a href=\"http:\/\/www.amamo.de\/dlrgrs\/RSPunkte-2014RC2.zip\">ZIP-Dateiarchiv (ca. 1,5MB)<\/a><\/td>\n<\/tr>\n<tr>\n<td colspan=\"2\" width=\"60%\">RSPunkte Kurzanleitung und Versionshinweise<\/td>\n<td height=\"16\"><a href=\"http:\/\/www.amamo.de\/dlrgrs\/RSPunkte-2014RC2.pdf\">PDF-Datei (~120K)<\/a><\/td>\n<\/tr>\n<tr>\n<td class=\"download\" colspan=\"3\" height=\"20\">RSM &#8211; Rettungssport Meisterschaftsauswertung<\/td>\n<\/tr>\n<tr>\n<td colspan=\"3\">Version 2012 Beta 1 vom 30.01.2012 (mit den rec-Werten f\u00fcr 2012)<\/td>\n<\/tr>\n<tr>\n<td colspan=\"2\" width=\"60%\">RSM 2012 Beta1 (f\u00fcr Windows 95,98,ME,NT,2000,XP,Vista,W7)<\/td>\n<td><a href=\"http:\/\/www.amamo.de\/dlrgrs\/RSM-2012Beta1-Install.exe\">Installationsprogramm (~2,5 MB)<\/a><\/td>\n<\/tr>\n<tr>\n<td colspan=\"2\" width=\"60%\">RSM 2012 Beta1 (f\u00fcr Windows 95,98,ME,NT,2000,XP,Vista,W7)<\/td>\n<td><a href=\"http:\/\/www.amamo.de\/dlrgrs\/RSM-2012Beta1.zip\">ZIP Dateiarchiv (~1,6 MB)<\/a><\/td>\n<\/tr>\n<tr>\n<td colspan=\"2\" width=\"60%\">RSM 2012 Kurzanleitung<\/td>\n<td height=\"16\"><a href=\"http:\/\/www.amamo.de\/dlrgrs\/RSM-2012Kurzanleitung.pdf\">PDF-Datei (~300K)<\/a><\/td>\n<\/tr>\n<tr>\n<td colspan=\"2\" width=\"60%\">RSM Beispiele (Ergebnisdateien der Saarlandmeisterschaften 1992-2002)<\/td>\n<td height=\"16\"><a href=\"http:\/\/www.amamo.de\/dlrgrs\/rsergeb.zip\">ZIP-Dateiarchiv (~150K)<\/a><\/td>\n<\/tr>\n<tr>\n<td class=\"download\" colspan=\"3\" height=\"20\">RS &#8211; externe Dateien<\/td>\n<\/tr>\n<tr>\n<td colspan=\"2\" width=\"60%\">REC-Werte 2007-2014 (Stand 13.01.2014)<\/td>\n<td width=\"40%\"><a href=\"http:\/\/www.amamo.de\/dlrgrs\/Rec07-14.pdf\">REC-Werte<\/a><\/td>\n<\/tr>\n<tr>\n<td colspan=\"2\" width=\"60%\">Regelwerk 2011 (komplett mit Durchf\u00fchrungsbestimmungen)<\/td>\n<td width=\"40%\"><a href=\"http:\/\/www.dlrg.de\/fileadmin\/user_upload\/DLRG.de\/Rettungssport\/Allgemein\/Regeln_Ordnungen\/Regelwerk%20Rettungssport_2011_internet.pdf\">PDF-Datei<\/a><\/td>\n<\/tr>\n<tr>\n<td colspan=\"2\" width=\"60%\">Mehr zum Rettungssport in der DLRG<\/td>\n<td width=\"40%\"><a href=\"http:\/\/www.dlrg.de\/fuer-mitglieder\/einsatz-und-medizin\/rettungssport.html\">Rettungssport in der DLRG<\/a><\/td>\n<\/tr>\n<\/tbody>\n<\/table>\n<p><a title=\"RS Programminformationen\" href=\".\/?page_id=112\">Mehr Informationen (Programmfunktionen, Systemvoraussetzungen, etc.)&#8230;<\/a><br \/>\nWeitere (\u00e4ltere) Versionen stehen im <a title=\"RS Archiv\" href=\".\/?page_id=124\">Archiv<\/a> zur Verf\u00fcgung.<\/p>\n<p><strong>Rettungssport &#8211; weitere Infos und Links<\/strong><br \/>\n\u00b7 <a href=\"http:\/\/saar.dlrg-jugend.de\/\">Homepage DLRG-Jugend Saar<\/a>, z.B. Ergebnisse der Landesmeisterschaften<br \/>\n\u00b7 <a href=\"http:\/\/www.rettungssport.com\/\">rettungssport.com<\/a> umfassende Internetseite von und f\u00fcr Rettungssportler<br \/>\n\u00b7 <a href=\"http:\/\/www.dennismueller.de\/\">jAuswertung<\/a> Java Open Source Programm von Dennis M\u00fcller<br \/>\n\u00b7 <a href=\"http:\/\/records.dlrg.de\/\">Internationale Rekordzeiten<\/a>, auf dem Server der DLRG<br \/>\n\u00b7 <a href=\"http:\/\/www.it4sports.com\/compete\/\">Compete<\/a> Rettungssport Auswertungsprogramm (bis 2009)<br \/>\n\u00b7 <a href=\"http:\/\/chaossoftware.tomkater.de\/\">WKORG von Chaos Software<\/a> Rettungssport Auswertungsprogramm (bis 2009)<br \/>\n\u00b7 <a href=\"http:\/\/www.confronto.de\/\">Confronto<\/a> geplante Wettkampfauswertung (Februar 07, inaktiv?)<br \/>\n\u00b7 <a href=\"http:\/\/www.schwimmsport.de\/\">schwimmsport.de<\/a> rund um den Schwimmsport, auch zum Rettungssport (inaktiv?)<\/p>\n","protected":false},"excerpt":{"rendered":"<p>Rettungssport &#8211; Meisterschaften und Wettk\u00e4mpfe der DLRG Die DEUTSCHE LEBENS-RETTUNGS-GESELLSCHAFT(DLRG) veranstaltet &#8222;zur F\u00f6rderung und Sicherung der Leistungsf\u00e4higkeit sowie Einsatzbereitschaft der Rettungsschwimmer &#8230; Meisterschaften und Wettk\u00e4mpfe im Rettungsschwimmen&#8220; (Auszug aus dem Regelwerk). Rettungssportprogramme Das Programm RSM (RettungsSport Meisterschaftsauswertung) hilft bei der PC-gest\u00fctzten Auswertung dieser Wettk\u00e4mpfe. Es lehnt sich an das g\u00fcltige Regelwerk f\u00fcr Meisterschaften und Wettk\u00e4mpfe <a href='http:\/\/www.amamo.de\/?page_id=29' class='excerpt-more'>[&#8230;]<\/a><\/p>\n","protected":false},"author":1,"featured_media":0,"parent":0,"menu_order":20,"comment_status":"closed","ping_status":"closed","template":"","meta":{"footnotes":""},"class_list":["post-29","page","type-page","status-publish","hentry","post-seq-1","post-parity-odd","meta-position-corners","fix"],"_links":{"self":[{"href":"http:\/\/www.amamo.de\/index.php?rest_route=\/wp\/v2\/pages\/29","targetHints":{"allow":["GET"]}}],"collection":[{"href":"http:\/\/www.amamo.de\/index.php?rest_route=\/wp\/v2\/pages"}],"about":[{"href":"http:\/\/www.amamo.de\/index.php?rest_route=\/wp\/v2\/types\/page"}],"author":[{"embeddable":true,"href":"http:\/\/www.amamo.de\/index.php?rest_route=\/wp\/v2\/users\/1"}],"replies":[{"embeddable":true,"href":"http:\/\/www.amamo.de\/index.php?rest_route=%2Fwp%2Fv2%2Fcomments&post=29"}],"version-history":[{"count":36,"href":"http:\/\/www.amamo.de\/index.php?rest_route=\/wp\/v2\/pages\/29\/revisions"}],"predecessor-version":[{"id":487,"href":"http:\/\/www.amamo.de\/index.php?rest_route=\/wp\/v2\/pages\/29\/revisions\/487"}],"wp:attachment":[{"href":"http:\/\/www.amamo.de\/index.php?rest_route=%2Fwp%2Fv2%2Fmedia&parent=29"}],"curies":[{"name":"wp","href":"https:\/\/api.w.org\/{rel}","templated":true}]}}